6
Suppose -2*c + 2*a = -802, 0 = -5*c + 135*a - 136*a + 2035. What is the greatest common divisor of c and 58?
58
Let w(j) = 1051*j**2 + 5*j - 2. Suppose -4*a - 4*x = -4, 4*x + 4 = 4*a + x. Let s be w(a). Calculate the greatest common divisor of s and 34.
34
Suppose 0 = 749*d - 751*d + 5*k + 5376, -d = -2*k - 2690. Calculate the highest common factor of d and 497.
71
Suppose 5*f = 3*r - 3745, 53 - 58 = -5*f. What is the greatest common factor of r and 50?
50
Suppose 55 = 4*m + 3*n, -20 = -4*m - 123*n + 127*n. Let c = 212 - 42. Suppose o - c = -0*o. What is the highest common divisor of m and o?
10
Let u be (21/28)/((-2)/152). Let i be 1/4 - u/76. Let g be 35/11 + 4*i/(-22). Calculate the highest common divisor of 2 and g.
1
Let s(q) = 3*q**2 + 25*q - 68. Let y be s(4). What is the highest common factor of y and 592?
16
Let s = 15 - 3. Suppose -3*o = -g - 129 - 45, -2*o = -3*g - 557. Let d = g - -195. Calculate the greatest common factor of s and d.
6
Let h = 198 + 380. What is the highest common factor of 476 and h?
34
Let u be 255/(-17) + 17 - -20514. Calculate the highest common factor of 23 and u.
23
Let p = -13 + 7. Let k be p*3/(-6) - 34/2. Let a = 40 + k. What is the highest common divisor of a and 13?
13
Suppose -2*v + 729 = -3*n + 40, 0 = -3*v - 6. Let m be (40/60)/((-2)/n). What is the greatest common factor of m and 14?
7
Let m(k) = 15*k**3 + 25*k**2 - 88*k + 2. Let v be ((-6)/39 - 164/(-52))*1. Let s be m(v). Calculate the greatest common divisor of s and 23.
23
Let p be (8/(-28))/(26/14 - 2). Suppose -3*b - c = -71, 5*b + c = p*c + 121. Let w be ((-26)/13)/((-3)/b). What is the highest common divisor of w and 24?
8
Suppose 4*o = -4*v + 188, -v = -406*o + 403*o - 55. What is the highest common factor of v and 644?
7
Suppose 18*f = -12*f + 8*f + 6864. Calculate the greatest common factor of 648 and f.
24
Let a(f) = -f**3 + 11*f**2 + 26*f - 18. Let y be a(13). Let n = 208 - 100. Let s = y + n. What is the highest common factor of s and 10?
10
Let p(u) = 7*u - 2. Let q be p(1). Suppose 4*n + y - 397 = -2*y, -5*y - q = 0. Let k = 108 - n. What is the highest common factor of k and 8?
8
Let z = 4048 + -3852. Let b be (-2)/(-1) + 43 + 4. What is the greatest common factor of z and b?
49
Suppose 0*f - 6*f = -456. Let a = 81 - f. Suppose 0*k = 4*k - 3*c - 477, -3*k + a*c + 355 = 0. What is the greatest common factor of k and 24?
24
Suppose 4*x - 42 = 5*r, -4*x = -3*r - 25 - 13. What is the highest common factor of 10264 and x?
8
Let g = 165 + -155. Suppose -14 + g = -4*l. Calculate the greatest common factor of l and 3.
1
Let q(b) = b**3 - 10*b**2 + 24*b - 119. Let f be q(9). What is the highest common divisor of 7432 and f?
8
Suppose 5*t + 20595 = 5*u, 12556 = 5*u + 5*t - 8009. Calculate the highest common factor of u and 12.
12
Let c = 2338 + -2318. What is the greatest common factor of c and 3490?
10
Let v be (-2 + -8 - -13)/(1/7). Let h be 4182/v + 3 + (-30)/14. Let j be 0/2 + 40*2. What is the greatest common divisor of j and h?
40
Let g be -2 + 3471/4 - ((-1150)/184 - -8). What is the highest common divisor of 54 and g?
54
Let w = -187 + 112. Suppose -b - 250 = -5*i + 279, 4*i = 2*b + 428. Let m = i + w. What is the highest common factor of 10 and m?
10
Let v = -128 + 144. Let s(f) = -f**3 - 3*f**2 - 6. Let a be s(-4). Calculate the greatest common factor of a and v.
2
Let h(u) = -254*u - 1. Suppose 3*p + 0 = 3*z - 6, z - 1 = 2*p. Let x be h(p). Let n = 465 + x. Calculate the greatest common factor of 42 and n.
42
Let p = 753 + -202. Suppose 0 = -5*c + p - 501. What is the highest common divisor of c and 640?
10
Let r = 49 - 48. Let h be 2 + r - 1*4. Let t be h*(-3 - -7)/(-4). What is the highest common divisor of 8 and t?
1
Let d(b) = 10*b**2 + 2*b - 1. Let w = 125 - 126. Let m be d(w). What is the highest common divisor of 77 and m?
7
Suppose -31 - 31 = 2*g. Suppose 49*k = 50*k - 4*s - 53, 0 = -k - 5*s + 26. Let o = k + g. Calculate the greatest common factor of 110 and o.
10
Suppose 69 = -2*y + 53. Let f be y/(-10) - (-726)/55. Calculate the highest common factor of 21 and f.
7
Let y = 338 + -163. Suppose 20*c + 41*c = 2*c + 4130. What is the greatest common divisor of c and y?
35
Suppose 65*y = 63*y + 1344. Suppose 0 = 375*v - 378*v + y. Calculate the greatest common divisor of v and 14.
14
Let q(c) = 32*c**2 + 7*c - 9. Let f be q(4). Suppose -28*k + 981 = -f. What is the highest common divisor of k and 486?
54
Let i be -2 + 171/5 + 4*9/(-180). What is the greatest common factor of 976 and i?
16
Let m = 1 - 0. Let i(p) = 4*p - 14. Let b be i(6). Let j be (-13)/(-5) + b/25. Calculate the highest common divisor of j and m.
1
Let p(b) = 65*b + 4. Let r be p(4). Suppose 90*w - 394*w - 354*w + 76010 = 33*w. Calculate the greatest common factor of r and w.
22
Let f be (-56)/(-6) + -8 + 1*10/15. What is the highest common factor of 1622 and f?
2
Let y = 63 - 38. Suppose -8*l + y + 55 = 0. Suppose -2*i + 3*v + 24 = 0, -2*i + 65 = 3*i - 5*v. What is the greatest common divisor of l and i?
5
Suppose 5*u + 39*c - 60 = 36*c, -3*u + 36 = -4*c. What is the greatest common divisor of u and 40?
4
Let o be (-24 + 26)/(1/60). What is the greatest common divisor of o and 810?
30
Suppose -y - 4*a = 299 - 1395, 5618 = 5*y - 3*a. What is the highest common factor of y and 245?
35
Suppose 22*q = 20*q + 3*h + 84, -2*q + 84 = -4*h. Suppose -3*z + 620 = 5*x, 4*z - 846 = 4*x - x. Calculate the greatest common divisor of q and z.
42
Let x = 2332 + -2046. What is the greatest common factor of x and 275?
11
Let j(r) be the third derivative of -r**4/24 + 5*r**3/2 + 10*r**2 - r. Let k be j(10). Calculate the greatest common divisor of k and 65.
5
Let p be (-3)/12 - (-1)/4. Let f(g) = g + 24. Let l be f(p). Let u = 8830 - 8827. What is the highest common factor of l and u?
3
Let p(x) = -15*x - 8 - 2 + 6 - 16. Let k be p(-17). Calculate the greatest common divisor of k and 188.
47
Suppose 3*v - 828 = -v. Let k(x) = x**2 - 6664*x + 26686. Let h be k(4). What is the highest common factor of h and v?
23
Let n = 66 + -181. Let c = n - -195. What is the highest common divisor of c and 60?
20
Suppose 2*r + 5*b = 36, 2*r - 1577 = 3*b - 1525. Calculate the highest common factor of r and 28451.
23
Suppose 11*t - 58 = -322. Let k = 51 - t. Calculate the greatest common divisor of 105 and k.
15
Let k be (-2)/(-11) - 672/792 - 16240/(-6). What is the greatest common divisor of 44 and k?
22
Let q = -247 + 258. Let h(d) = 2*d**2 - 24*d + 33. Let z be h(q). Calculate the greatest common divisor of z and 209.
11
Let p = 3461 + -3459. Let j be ((-8)/(-4) - 3) + 13. What is the highest common factor of p and j?
2
Let n be (4*-1 + 104/5)*5. Suppose -g = -q - 18 + 5, -1 = -3*q - 5*g. Let z = 20 - q. Calculate the highest common divisor of z and n.
28
Suppose -3*u + 16 = 3*o - 86, -104 = -4*u + 4*o. Let f be 4056/15 - 2/5. Calculate the greatest common factor of u and f.
30
Let f be (2 + 704/(-28))*(-196)/42. What is the greatest common factor of 189 and f?
27
Let u = -2127 + 2334. Calculate the greatest common divisor of u and 23.
23
Suppose 2*a + 896 = 9*a. Suppose -a*r + 114*r = -560. Calculate the highest common divisor of 128 and r.
8
Let t = -108 - -111. Suppose 10*h + 2*o = 15*h - 590, -3*h + 363 = -t*o. What is the highest common divisor of h and 4?
4
Let w(d) = 11*d + 123. Let r(g) = 35*g + 367. Let n(k) = -3*r(k) + 10*w(k). Let f be n(-23). Calculate the highest common factor of f and 7.
7
Let s(a) = -a**3 + 37*a**2 + 34*a + 178. Let b be s(38). Suppose 0 = 2*m - 6*m + 20. Let z be (-625)/(-3) - m/15. What is the highest common factor of z and b?
26
Let a(q) = -q**2 + 25*q + 390. Let h be a(-10). Let r = -122 - -42. Let c = h - r. What is the greatest common divisor of c and 6?
6
Let o(j) = 0 - 3 + 17*j - 6 - 10 + 1. Let a = 5 - 3. Let s be o(a). Calculate the greatest common factor of 2 and s.
2
Let c be (-3)/((-45)/2) + (-19780)/(-6900). Let o = -1 + 2. Let q be 12*((o - 0) + 1). Calculate the highest common factor of c and q.
3
Let q be 1/2 - (-146)/4. Let u be (-5548)/8 - (3 - (-15)/(-6)). Let x = u - -1027. What is the greatest common divisor of x and q?
37
Suppose 2*u = 3*i + 16, 4*u - 10 = -4*i + 2. Suppose 0 = 3*z + w - 76, 2*z + u*w + 4 = 3*z. What is the great